 of o(v)?
7
Suppose u + 4*u = 50. What is the tens digit of u?
1
Let y = -7 + 5. Let p = -4 + y. What is the units digit of 3/(-2)*p/3?
3
Let i(z) = -z**3 + 13*z**2 + z - 8. Let h be i(13). Suppose -a + 5*q + 4 = 2, 0 = 5*a + 4*q - 10. Suppose -y + a = -h. What is the units digit of y?
7
Let m(s) = s**2 + 8. What is the tens digit of m(7)?
5
Suppose 0 = -5*v + 5*q + 650, 2*q = 5*v - 2*q - 650. What is the hundreds digit of v?
1
Let j = -8 - -37. What is the units digit of j?
9
Let l(n) = 8*n**3 - n**2 + 1. Let u be l(1). Let a = 13 - u. Suppose a*p - 2*p = 18. What is the units digit of p?
6
Suppose -6*x + 10*x - 140 = 0. What is the units digit of x?
5
Let c(j) = -4*j + 1 + j**3 + 1 - j - j**2. Let i be c(4). Suppose 2*y + 3*y = i. What is the units digit of y?
6
Suppose 3*a = n + 5, 2*n + 3*a + 1 + 9 = 0. Let m = n - -8. Let p(k) = k**3 - 2*k**2 - 3*k + 3. What is the units digit of p(m)?
3
Suppose -2*u - 3*h + 93 = -2*h, h + 236 = 5*u. What is the units digit of u?
7
Suppose 2*w = -2*w + 204. What is the tens digit of w?
5
Suppose -p - 2*p + 24 = 0. What is the units digit of p?
8
What is the tens digit of ((-11)/(132/(-632)))/((-4)/(-6))?
7
Let c(h) = -h**2 - 8*h - 8. Let t be c(-6). Suppose u + u + 86 = -r, 0 = t*r - 2*u + 294. What is the units digit of r/(-18) + 2/(-9)?
4
Let f = -15 - -9. What is the units digit of 2*f*(-18)/24?
9
Suppose 2*h + 8 = 0, 0 = -2*r - 5*h + 4*h + 430. What is the units digit of r?
7
Suppose 2 + 4 = 4*w + 2*g, 3*g + 7 = -2*w. Suppose w*d - 55 = -d. Let o = d - 6. What is the units digit of o?
5
Let b = 52 - 32. Suppose 30 + b = 2*g. What is the tens digit of g?
2
Suppose 3*j = 6*s - 4*s + 41, j + 3*s = 32. Suppose -3*a - 20 = -5*a + 5*f, -f + j = a. What is the tens digit of a?
1
Let q(s) = s**3 + s**2 - 8. Let k be q(0). Let h(i) = i**2 - 5*i - 21. Let l be h(-4). Let z = k + l. What is the units digit of z?
7
Let j be -3*((-2)/6 - 0). Suppose j = -3*s - 4*x, 2*x = 4*s - 3 - 3. What is the units digit of s?
1
Suppose -3*g + 4 = -8. Suppose g*d = -2*q - q + 3, -d + 12 = 3*q. Suppose -q*b + 25 = -0*b. What is the units digit of b?
5
Suppose -3*d = -5*q + 503 - 24, 0 = q - 2*d - 100. What is the tens digit of q?
9
Suppose -52 = -2*m + 8. Suppose 4*n - 5*n + 2 = 0. Suppose 5*h - 5*x = m, 4*h - n*x = -h + 33. What is the units digit of h?
7
Suppose -o = -0*o, -3*h + 33 = o. What is the tens digit of h?
1
Suppose -d + 9 = -y - 5, 91 = 5*d + 2*y. What is the units digit of d?
7
Let s(t) = -t**3 - 5*t**2 - 5*t + 11. What is the units digit of s(-6)?
7
Let f be -1*(2 + -1) - 41. Let g = -24 - f. What is the tens digit of g?
1
Suppose -w - 50 = -129. Suppose 2*s - 5*a = s + 41, -4*a - w = -3*s. What is the tens digit of s?
2
Let b = 6 + -6. Suppose -4*w = -3*z + 12, b*w = 3*z + 3*w + 9. What is the units digit of z + -1*(-3)/3?
1
Suppose -m - 21 = -5*b, -2*b + 0 = -m - 9. Let u = 5 + b. What is the units digit of u?
9
Let f = -3 - 4. Suppose 48 = 5*a - b - 12, 4*a - 2*b - 42 = 0. Let g = a + f. What is the units digit of g?
6
Suppose b - 4*i = 21, -3*b - 5*i + 91 + 6 = 0. What is the tens digit of b?
2
Let k(n) = 4*n + 7. What is the tens digit of k(5)?
2
What is the tens digit of 38/(-247) + 366/13?
2
Suppose -7*j = -3*j - 5*k + 5, 4*k - 4 = 4*j. Suppose 5*r = 3*u + 71, 4 = -2*u - j. What is the tens digit of r?
1
Suppose -g + 4*j + 32 = 0, -2*g + 45 + 23 = -4*j. What is the tens digit of g?
3
Let d = 55 + 70. What is the tens digit of d?
2
Let r(p) be the first derivative of 2*p**3/3 + 3*p**2/2 + 3*p + 1. What is the units digit of r(-2)?
5
Suppose -2*r - d - 2*d + 4 = 0, 2*d + 4 = 0. Suppose r*i + 15 = -3*s + 6*s, -s + 19 = -4*i. What is the units digit of (-2)/i*(-5 - -11)?
2
What is the units digit of -1 + 3 - -1 - -24?
7
Suppose -3*m + 82 = a, 130 = 5*m - 0*a + 5*a. What is the units digit of m?
8
Let w = 28 - 20. Suppose -4*r + 12 = -2*o, -2*o + 1 = 3*r - w. Let m(b) = b**2 + 4. What is the units digit of m(o)?
4
Let d = 82 - 174. Let r be d/(-10) - (-6)/(-30). Let u = r + -4. What is the units digit of u?
5
What is the units digit of (-29 - (-20)/(-5))*(-57)/9?
9
Let v = -7 + 13. What is the units digit of v?
6
What is the tens digit of (-24)/4*(-32)/6?
3
What is the tens digit of 225 + -2 - (7 + -2)?
1
Let w(j) be the third derivative of -j**5/60 + j**4/24 + j**3/6 + j**2. What is the units digit of w(0)?
1
What is the tens digit of (-23 - 0)*(-4 + 3)?
2
Let j be 6/(-9) + (-11)/(-3). Let z = 0 - j. What is the units digit of ((-18)/4)/(z/6)?
9
Suppose -5*l - 3 = f, 3*f + l + l + 9 = 0. Let k = f - -5. Suppose 5 = k*g - 3. What is the units digit of g?
4
Let y = 15 + 11. What is the units digit of y?
6
Let k = -673 - -978. What is the tens digit of k?
0
Let p(o) = -4*o - 1. Let n be p(-1). Suppose -n*g + 8*g = 60. What is the units digit of g?
2
What is the units digit of 1/(220/215 + -1)?
3
Let x(j) = j + 3. Let u be x(0). What is the units digit of (2 - u) + -2 - -27?
4
What is the tens digit of 95*3 + (2 - 2)/(-5)?
8
What is the tens digit of (-59)/(-2) + (-3)/(-6)?
3
Suppose b + 3*x = 18, 4*b - 3 - 4 = x. Suppose o + 62 = b*n - n, -5*o - 20 = 0. What is the tens digit of n?
2
Let v(y) = -y + 10. Let f be v(6). Suppose 4*n + 0*n = -f, -5*n = 4*u - 19. What is the units digit of u?
6
Let z = 7 - 7. Let y be (z - (-24)/(-9))*3. What is the units digit of (-75)/(-12) + 2/y?
6
Let k(o) be the first derivative of -o**2/2 + o - 1. What is the units digit of k(-5)?
6
Let c(k) = -4*k**3 - 1 + 3*k**2 - 1 + 3*k**3. Let a be c(2). Suppose -20 = -2*m + a. What is the tens digit of m?
1
Let r be (-3)/((-1)/7*3). Suppose -4*w = -r - 1. What is the units digit of w?
2
Let o(t) = 3*t + 2. Let u be o(-2). Let n be (-1)/u + 6/8. What is the units digit of 18/8 + n/(-4)?
2
Let h(d) = -12*d - 4. Suppose -15 = 4*n + n. What is the units digit of h(n)?
2
Suppose 3*h - 4*i = 2*h - 59, -2*h + 3*i = 108. Let y = -34 - h. Suppose -4*o = -11 - y. What is the units digit of o?
7
Suppose 3*l - 434 = -5*v, 0*l + 3*v = -2*l + 289. What is the hundreds digit of l?
1
Let b(w) = -w**3 - 4*w**2 + 9*w + 3. What is the tens digit of b(-6)?
2
Suppose -g = -3*g - n + 24, g - 4*n = 30. What is the units digit of (g/10)/((-3)/(-15))?
7
Let u(o) = -o**3 + 5*o**2 + 2*o - 5. Let z(k) = k + 14. Let n be z(-10). What is the tens digit of u(n)?
1
Let h = 116 - 26. What is the units digit of h?
0
Let n = -1 - -6. Let j be n*(0 + 1) + -1. Suppose j*k - 2 = 2*w - 7*w, -14 = -4*w + 3*k. What is the units digit of w?
2
Let q = 8 - 1. Suppose -q - 2 = -r. What is the units digit of r?
9
Suppose 0 = -4*h + 3*g - 2, -2 = -2*h - 2*h + 5*g. What is the units digit of -24*(h + (-10)/(-8))?
8
Suppose 4*x - 9 = -5*c + 18, 4*c - 12 = 0. Let p(r) = 10*r + 1. What is the units digit of p(x)?
1
What is the units digit of 261/15*((-3 - -3) + 5)?
7
Let f(m) = -m + 2. Let r = 11 + -6. Suppose -2*k + r*j = -7*k - 20, j = -2*k - 3. What is the units digit of f(k)?
1
Suppose 0*m - 68 = -4*m. What is the tens digit of m?
1
Suppose 2*o + 0*o = 0. Suppose 2 = b - o. What is the units digit of 4/b*10/4?
5
Suppose -2*p + 3*p - 296 = -5*c, c = 4*p - 1079. What is the hundreds digit of p?
2
Let k be (62/4)/(3/6). Suppose -k = 4*s - 8*s + v, 5 = 5*v. What is the units digit of s?
8
Let w = -2 + 9. Let r(d) = -d**3 + 7*d**2 + 6. What is the units digit of r(w)?
6
Suppose 150 + 70 = 2*n. What is the hundreds digit of n?
1
What is the units digit of (-2)/(4/(-258)*3)?
3
Suppose -t - 12 = -5*t. Let u = t + -5. What is the units digit of -1 + u/(-2) + 1?
1
Let r(h) = -21*h + 3. What is the tens digit of r(-3)?
6
Suppose 0*t = -t + 3. Let g = t + -1. Let p = g + -1. What is the units digit of p?
1
Suppose -5*h = 5*s - 120, 3*s + 117 = 3*h + h. Suppose -v - 1 = -4*z + z, z + 5*v = h. What is the units digit of 1*(4/z - 1)?
1
Let q(w) = -w + 20. Let l be q(0). Suppose 0 = 5*b - 2*s + 3*s - l, -s - 15 = -2*b. Suppose -5*h + 14 = b*t - 1, 3*h = -4*t + 9. What is the units digit of h?
3
Let u be 26/(-10) - 8/20. Let h(p) = -p**2 + 3. Let q be h(3). What is the tens digit of (3 + q)*18/u?
1
Let l = 20 + -10. What is the units digit of (-4)/l*(-20)/8?
1
Suppose 0 = 3*r + 5*a - 75 - 16, 0 = 4*a + 16. What is the tens digit of r?
3
Suppose -4 + 0 = -2*r. What is the tens digit of (11 + r)/(5/5